{"id":1206,"date":"2023-01-25T13:32:39","date_gmt":"2023-01-25T13:32:39","guid":{"rendered":"https:\/\/imprim24.com\/?post_type=product&#038;p=1206"},"modified":"2023-01-25T14:10:54","modified_gmt":"2023-01-25T14:10:54","slug":"roll-up-xxl-lumispa-io","status":"publish","type":"product","link":"https:\/\/imprim24.com\/?product=roll-up-xxl-lumispa-io","title":{"rendered":"Roll Up XXL &#8222;LumiSpa iO&#8220; 200 x 200 cm"},"content":{"rendered":"<p>Roll Up <strong>XXL <\/strong>200 x 200cm. Motiv &#8222;LumiSpa iO&#8220;<\/p>\n<p>Pr\u00e4sentiere neue Produkte schnell und einfach mit einem RollUP.<\/p>\n<p>Das hier dargestellte Motiv wird auf PVC Plane gedruckt und in eine Alu-Kassette eingebaut &#8211; fix und fertig geliefert. Mit 2 Standf\u00fc\u00dfen und 2 Alu Stangen f\u00fcr optimale Stabilit\u00e4t.<\/p>\n<p>Das RollUp l\u00e4sst sich innerhalb k\u00fcrzester Zeit auf u. wieder abbauen.<\/p>\n<p>Lieferzeit nach Zahlungseingang 5-7 Werktage.<\/p>\n","protected":false},"excerpt":{"rendered":"<p>Roll Up <strong>XXL <\/strong>200 x 200cm. Motiv &#8222;LumiSpa iO&#8220;<\/p>\n","protected":false},"featured_media":1205,"template":"","meta":[],"product_brand":[],"product_cat":[33],"product_tag":[88,84,87],"class_list":{"0":"post-1206","1":"product","2":"type-product","3":"status-publish","4":"has-post-thumbnail","6":"product_cat-rollup","7":"product_tag-lumispa-io","8":"product_tag-rollup","9":"product_tag-xxl","11":"first","12":"instock","13":"taxable","14":"shipping-taxable","15":"purchasable","16":"product-type-simple"},"_links":{"self":[{"href":"https:\/\/imprim24.com\/index.php?rest_route=\/wp\/v2\/product\/1206","targetHints":{"allow":["GET"]}}],"collection":[{"href":"https:\/\/imprim24.com\/index.php?rest_route=\/wp\/v2\/product"}],"about":[{"href":"https:\/\/imprim24.com\/index.php?rest_route=\/wp\/v2\/types\/product"}],"wp:featuredmedia":[{"embeddable":true,"href":"https:\/\/imprim24.com\/index.php?rest_route=\/wp\/v2\/media\/1205"}],"wp:attachment":[{"href":"https:\/\/imprim24.com\/index.php?rest_route=%2Fwp%2Fv2%2Fmedia&parent=1206"}],"wp:term":[{"taxonomy":"product_brand","embeddable":true,"href":"https:\/\/imprim24.com\/index.php?rest_route=%2Fwp%2Fv2%2Fproduct_brand&post=1206"},{"taxonomy":"product_cat","embeddable":true,"href":"https:\/\/imprim24.com\/index.php?rest_route=%2Fwp%2Fv2%2Fproduct_cat&post=1206"},{"taxonomy":"product_tag","embeddable":true,"href":"https:\/\/imprim24.com\/index.php?rest_route=%2Fwp%2Fv2%2Fproduct_tag&post=1206"}],"curies":[{"name":"wp","href":"https:\/\/api.w.org\/{rel}","templated":true}]}}