{"id":528,"date":"2018-08-07T12:37:57","date_gmt":"2018-08-07T12:37:57","guid":{"rendered":"http:\/\/imprim24.com\/?post_type=product&#038;p=528"},"modified":"2018-10-04T18:57:20","modified_gmt":"2018-10-04T18:57:20","slug":"broschuere-lumispa","status":"publish","type":"product","link":"https:\/\/imprim24.com\/?product=broschuere-lumispa","title":{"rendered":"Brosch\u00fcre &#8222;LumiSpa&#8220;"},"content":{"rendered":"<p>20 &#8211; seitige Brosch\u00fcre gl\u00e4nzend, Din A5, Umschlag auf 170gr\/m\u00b2 Bilderdruck, Innenteil auf 135gr\/m\u00b2 Bilderdruckpapier. Die Brosch\u00fcre gibt einen tollen \u00dcberblick \u00fcber die Leistungen des LumiSpa.<\/p>\n<p>Folgende St\u00fcckzahlen bieten wir an:<\/p>\n<p>10 St\u00fcck<\/p>\n<p>50 St\u00fcck<\/p>\n<p>100 St\u00fcck<\/p>\n<p>Lieferzeit ca 5-6 Werktage nach Zahlungseingang.<\/p>\n<blockquote><p>Eine PDF mit geringer Aufl\u00f6sung als Vorschau gibt es hier:\u00a0<a href=\"http:\/\/imprim24.com\/wp-content\/uploads\/2018\/08\/lumispa_vorschau.pdf\" target=\"_blank\" rel=\"noopener\"><strong>lumispa_vorschau<\/strong><\/a><\/p><\/blockquote>\n","protected":false},"excerpt":{"rendered":"<p>20 &#8211; seitige Brosch\u00fcre gl\u00e4nzend, Din A5, Umschlag auf 170gr\/m\u00b2 Bilderdruck, Innenteil auf 135gr\/m\u00b2 Bilderdruckpapier. Die Brosch\u00fcre gibt einen tollen [&hellip;]<\/p>\n","protected":false},"featured_media":886,"template":"","meta":[],"product_brand":[],"product_cat":[80],"product_tag":[],"class_list":{"0":"post-528","1":"product","2":"type-product","3":"status-publish","4":"has-post-thumbnail","6":"product_cat-fly_brosch","7":"pif-has-gallery","9":"first","10":"instock","11":"taxable","12":"shipping-taxable","13":"purchasable","14":"product-type-variable"},"_links":{"self":[{"href":"https:\/\/imprim24.com\/index.php?rest_route=\/wp\/v2\/product\/528","targetHints":{"allow":["GET"]}}],"collection":[{"href":"https:\/\/imprim24.com\/index.php?rest_route=\/wp\/v2\/product"}],"about":[{"href":"https:\/\/imprim24.com\/index.php?rest_route=\/wp\/v2\/types\/product"}],"wp:featuredmedia":[{"embeddable":true,"href":"https:\/\/imprim24.com\/index.php?rest_route=\/wp\/v2\/media\/886"}],"wp:attachment":[{"href":"https:\/\/imprim24.com\/index.php?rest_route=%2Fwp%2Fv2%2Fmedia&parent=528"}],"wp:term":[{"taxonomy":"product_brand","embeddable":true,"href":"https:\/\/imprim24.com\/index.php?rest_route=%2Fwp%2Fv2%2Fproduct_brand&post=528"},{"taxonomy":"product_cat","embeddable":true,"href":"https:\/\/imprim24.com\/index.php?rest_route=%2Fwp%2Fv2%2Fproduct_cat&post=528"},{"taxonomy":"product_tag","embeddable":true,"href":"https:\/\/imprim24.com\/index.php?rest_route=%2Fwp%2Fv2%2Fproduct_tag&post=528"}],"curies":[{"name":"wp","href":"https:\/\/api.w.org\/{rel}","templated":true}]}}